omposite?
False
Let z(r) = 679*r**3 + 12*r - 16. Is z(3) a composite number?
False
Let i(s) = 8*s**3 - s**2 + 2*s - 2. Let r(k) = -k**3 + 7*k**2 - 3*k - 13. Let g be r(6). Suppose g*w - 26 = -11. Is i(w) composite?
False
Let q(i) = -8 - 3*i + 17 - 3 - 2*i**2 - 4 + 27*i**3. Let m be q(2). Is 4 + 11/(22/m) composite?
True
Let b = 79 + 3720. Is b a prime number?
False
Let a = 88 - 66. Is 5744/6 + a/33 a composite number?
True
Let w(c) = c**3 + 33*c**2 - 50*c - 138. Is w(-28) a prime number?
False
Let g = -11961 + 24430. Is g a composite number?
True
Let d(c) = -15*c + 946. Is d(11) a composite number?
True
Suppose 0 = 2*v + v + 5*x + 5, -2*v + 2 = -2*x. Suppose -2*l - 4 + 12 = v. Is 2445/5 + l + 4 prime?
False
Suppose 0 = 3*b + 6, 3*g - 6 = 2*g + 2*b. Suppose 16 = 3*f - u, -f + 4*f = 2*u + 20. Suppose -g*h = 2*j + 330 - 1342, 0 = -f*j + 4*h + 2016. Is j prime?
False
Is 89/((-6 - -12)/138) - -4 composite?
True
Suppose -240798 = 5*j + 407927. Is (-6)/8 - (j/20)/11 a prime number?
False
Suppose -88*q + 874596 = -1517156. Is q a prime number?
True
Let i = -378 - -33089. Is i a prime number?
False
Let q(i) = -i + 2. Let v be q(-3). Suppose -4*g - 5*d = -2*g - 3697, -v*d = 4*g - 7419. Is g a composite number?
False
Suppose -s - 2 = 3*p, s - p = 2*p + 16. Let y(i) = i**3 + 10*i**2 - 6*i + 14. Let z be y(s). Suppose 4*j - z = -5*g, -3*j + 4*g + 832 = j. Is j a prime number?
False
Let w(i) = -i**2 + 7*i - 8. Suppose 3*q = 3*l + 4*q - 17, 3*l = 4*q + 22. Let a be w(l). Is a + 341 - (-32)/(-8) a composite number?
True
Suppose -15*m + 3*n - 44607 = -18*m, 0 = -5*n + 10. Is m a composite number?
False
Suppose -l = 3*r + 2*l + 9, -3*r = 4*l + 7. Let i(n) be the first derivative of -n**4/4 - n**3/3 - 7*n**2/2 - 4*n - 1. Is i(r) a prime number?
True
Let p = -502 - -924. Is p composite?
True
Let x(v) = v + 14. Let p be x(-12). Let o = -299 + 2069. Suppose 2*t = p*g - o, 4*g + 2*t - 2311 = 1253. Is g a prime number?
False
Is 1 + -5 - (0 + -88600) - 7 a composite number?
False
Let m(p) = -1439*p + 12. Is m(-5) composite?
False
Suppose -392*r + 401*r - 102987 = 0. Is r a composite number?
False
Let n = -12421 + 28686. Is n a prime number?
False
Suppose 255727 - 34716 = 7*q. Is q composite?
False
Suppose 0 = -15*p + 36*p - 6153. Is p a composite number?
False
Is 12/132 + (-134660)/(-22) a composite number?
False
Let r = 5 + -5. Suppose r*c + 691 = c. Is c composite?
False
Let l be 0 - 3/(0 - 4/4). Suppose 783 = 3*n + 3*k, -k + 66 - 841 = -l*n. Is n a composite number?
True
Let o = 148 - 283. Let c be -3*(-2)/6 - o. Let s = 309 + c. Is s a composite number?
True
Suppose 60 = 2*r + 4*o, 0*r + 150 = 4*r - 2*o. Suppose n + r = 5*a - 3*n, 34 = 4*a + 2*n. Suppose 2*p + 4*b + 103 - 709 = 0, -4*b - a = 0. Is p prime?
True
Let l(p) = -82*p + 61. Is l(-7) composite?
True
Suppose -k + 818 = -3231. Is k composite?
False
Let z = 2403 - 232. Suppose 12*d = 865 + z. Is d a prime number?
False
Let b = 1702 + -951. Let r = 927 + -1349. Let u = r + b. Is u composite?
True
Let p(c) be the first derivative of -c**3/3 + 4*c**2 + 8*c + 5. Let a be p(7). Is 1239/a - 2/(-5) prime?
True
Let s be -1440 - ((-9)/27)/(2/(-18)). Let g = 4934 + s. Is g a prime number?
True
Let s = 278 + 43355. Is s a prime number?
True
Let l be ((-1)/1)/(-2)*-286. Is 2 - l/(1/1) composite?
True
Let p(x) = 3*x - 2. Let b be p(-2). Suppose -3*i = 2*i - 10. Is (-8454)/b + i/8 a composite number?
True
Suppose 3*y - 6*g + g - 41 = 0, -2*g = 4*y - 72. Suppose a = -4*a + 3*d + 12, -5*a - 2*d + y = 0. Suppose 4*k - 33 = a*k. Is k prime?
False
Suppose 90504 = 3*u - i, -92022 - 58828 = -5*u + 5*i. Is u a prime number?
False
Let s(d) = 6*d - 20. Let y be s(9). Let u = y + -14. Is u/(-5) - -8 - 1 a prime number?
True
Suppose -10*t + 2 = -9*t. Suppose -20 - 6 = t*z. Let g(h) = -32*h - 19. Is g(z) prime?
True
Let f(u) = -u**3 - 5*u**2 - 14*u + 18. Let w be f(-9). Let i = -274 + w. Is i prime?
False
Is 10/(-4)*(-119924)/14 a composite number?
True
Suppose 8*v + 4*v - 16356 = 0. Is v composite?
True
Suppose 3*m + 3*r - 2163 = 0, m - 721 = r - 5*r. Suppose 0*t - m = -7*t. Is t a composite number?
False
Suppose -4*v + 8 = 0, 2212 = 5*h - 4*v - 1855. Is h composite?
True
Let d be 1569/5 - (-5)/25. Let x be 26*21 - (2 + 2). Suppose 4*a + 3*k = x + d, a + 2*k - 209 = 0. Is a prime?
False
Let n(z) = 6*z**2 - 5*z - 45. Is n(-8) prime?
True
Let z = 740 - -2425. Suppose 16*y = 13*y + z. Is y composite?
True
Let l = -95 - -101. Suppose 0 = l*r - 1936 - 2558. Is r a composite number?
True
Suppose 5*c + 166*b - 52471 = 165*b, -3*c + 31473 = 3*b. Is c composite?
True
Suppose -7*f - 160 = -251. Let z = -10 + 4. Let x = z + f. Is x prime?
True
Is -11637*(-9)/21 - (-6)/(-21) composite?
False
Let f = -32 - -35. Suppose f*b - 422 = 109. Is b prime?
False
Suppose 3*v - 1446 + 45 = 0. Is v a prime number?
True
Let k = 29 - 19. Let o = 4 - k. Is (o/12)/((-1)/86) prime?
True
Suppose 0 = 150*i - 112*i - 1884686. Is i composite?
False
Is (-80)/(-16) + 2 + 19636 a composite number?
True
Suppose 0 = -4*a - 2*k - 3 + 7, -k + 2 = -3*a. Suppose t + 5 + 55 = a. Is 11*(t/(-3))/4 composite?
True
Let l be (-36)/27*6/4. Let s be l/((-5)/2 - -2). Suppose -a + 4*a = 6, -s*v = -4*a - 268. Is v a composite number?
True
Suppose 3*p - 2 = 4, -3*w = 4*p - 4130. Let n = 2423 - w. Is n a composite number?
False
Suppose -2*p + 3*o - 9 = 0, 0 = 5*p + 3*o - 0*o - 9. Suppose p = 5*g - 3301 + 256. Suppose g = 4*r - r. Is r prime?
False
Suppose 105*j - 21727 = 104*j. Is j a composite number?
False
Let a(g) = -g**3 + 6*g**2 + 5*g + 5. Suppose 0 = 5*h - 5*l + 30, 38 = -4*h + 3*l - 6*l. Let c = 14 + h. Is a(c) a prime number?
False
Let b be (-2 - (-208)/91) + (-26)/(-7). Let k be 2088/3 + 2*-1. Suppose 2*a = b*a - k. Is a a composite number?
False
Is (-221497)/(-7) + 252/441 prime?
True
Let z = -412 + 270. Let k = z - -361. Is k a prime number?
False
Let d be 48/(-84)*(-21)/2. Let g be 8/d - 4809/9. Let r = g + 1216. Is r composite?
False
Suppose 5*p + 4 = 9. Suppose -p = n - 6. Suppose 2*o + n*k = 1351, -5*k = -0*o + o - 678. Is o composite?
False
Let k(g) = 162*g**2 + 18*g - 16. Let c be k(12). Suppose 0 = -6*m + 4906 + c. Is m prime?
False
Let n = 585 - -734. Is n composite?
False
Is (-6 - 2976/(-18))/(4/102) prime?
False
Is 1305664/138 - (-1)/(-3) prime?
True
Let i(b) = 8*b**2 - 8*b - 17. Is i(-16) a composite number?
True
Let i(g) be the third derivative of -g**6/120 - 17*g**5/60 + g**4/6 + 19*g**3/6 - 27*g**2. Is i(-18) a prime number?
True
Let w be 4/(3*4/(-6)). Let b be -9 - w - (2 + -2). Let j(x) = -13*x - 4. Is j(b) a prime number?
False
Suppose -3*n + 5*v + 1902 = 0, n + 13 = 3*v + 651. Is (1 + 3)*n/4 - -2 prime?
True
Let z be (7/21)/(1/3). Suppose 3 = d + z. Is 426/12 - (-3)/d a prime number?
True
Is 141014/20 + 18/60 prime?
False
Let y(x) be the second derivative of 5*x**4/2 - x**3 + x**2/2 + 13*x. Is y(2) a composite number?
False
Let d(i) = -i**3 + 3*i**2 + 9*i + 2. Let c be d(7). Let m = c - -1030. Is m prime?
False
Let i(c) = 65*c**2 + 2*c + 4. Is i(5) a prime number?
False
Suppose -5*f = -2*v - 25 - 0, 2*f - 4*v = 26. Let u be (-6)/(-9)*(-6 + f). Is 1/u*2*-373 a composite number?
False
Is 43905*((-50)/(-15) - 3) composite?
True
Let v(g) = -1 + 21 + 5 + 188*g + 4. Is v(13) prime?
True
Suppose u + 0*u = -2*i - 11, 3*u - 5*i - 11 = 0. Let z be -224 + (6 + u - 5). Let j = -43 - z. Is j a prime number?
False
Let j(c) = -c**2 + 7*c - 2. Let g be j(4). Suppose 0 = -2*s - 2 + g. Let a(k) = 22*k**2 + 6*k + 3. Is a(s) a prime number?
True
Let x(b) = -b**2 - 131*b - 299. Is x(-64) a prime number?
True
Let v be ((1 - -4) + 55)*2/4. Let f(z) = z**3 - 30*z**2 + 35*z - 41. Is f(v) a prime number?
True
Suppose -13669 = -l + s, 4*l - s = 27167 + 27503. Is l composite?
True
Let y = -194 + 231. Is y prime?
True
Let q(s) = 5*s + 18. Let j be q(-3). Suppose d - 559 = 3*m, 4*d = 2*d - j*m + 1100. Is d a composite number?
True
Let y(s) = 2*s**2 - s - 14. Let v(c) = 4*c**2 - 2*c - 27. Let u(i) = 4*v(i) - 7*y(i). Is u(9) a composite number?
True
Suppose 13*x = 148378 + 166781. Is x prime?
False
Suppose -3*c = 930 - 8187. Is c a prime number?
False
Suppose 3882 - 23 = z. Is z composite?
True
Suppose -81557 = -26*x + 14409. Is x a composite number?
False
Let w = 14716 + -621. Is w pri